{"id":361,"date":"2026-04-01T13:38:15","date_gmt":"2026-04-01T13:38:15","guid":{"rendered":"https:\/\/phukienxin.click\/?post_type=product&#038;p=361"},"modified":"2026-04-01T13:38:16","modified_gmt":"2026-04-01T13:38:16","slug":"nguon-xin-cho-pc","status":"publish","type":"product","link":"https:\/\/phukienxin.click\/index.php\/san-pham\/nguon-xin-cho-pc\/","title":{"rendered":"Ngu\u1ed3n x\u1ecbn cho PC"},"content":{"rendered":"<p>Ngu\u1ed3n x\u1ecbn cho PC<\/p>\n<p><a href=\"https:\/\/phukienxin.click\/wp-content\/uploads\/2026\/04\/Gemini_Generated_Image_daq4s0daq4s0daq4.png\"><img loading=\"lazy\" decoding=\"async\" class=\"alignnone size-medium wp-image-362\" src=\"https:\/\/phukienxin.click\/wp-content\/uploads\/2026\/04\/Gemini_Generated_Image_daq4s0daq4s0daq4-300x167.png\" alt=\"\" width=\"300\" height=\"167\" srcset=\"https:\/\/phukienxin.click\/wp-content\/uploads\/2026\/04\/Gemini_Generated_Image_daq4s0daq4s0daq4-300x167.png 300w, https:\/\/phukienxin.click\/wp-content\/uploads\/2026\/04\/Gemini_Generated_Image_daq4s0daq4s0daq4-1024x572.png 1024w, https:\/\/phukienxin.click\/wp-content\/uploads\/2026\/04\/Gemini_Generated_Image_daq4s0daq4s0daq4-768x429.png 768w, https:\/\/phukienxin.click\/wp-content\/uploads\/2026\/04\/Gemini_Generated_Image_daq4s0daq4s0daq4-600x335.png 600w, https:\/\/phukienxin.click\/wp-content\/uploads\/2026\/04\/Gemini_Generated_Image_daq4s0daq4s0daq4.png 1376w\" sizes=\"auto, (max-width: 300px) 100vw, 300px\" \/><\/a><\/p>\n<p><a href=\"https:\/\/phongvu.vn\/c\/psu-nguon-may-tinh?utm_source=gg-ad&amp;utm_medium=paid-pmax&amp;utm_campaign=pc-phong-vu-inhouse&amp;utm_content=responsive&amp;utm_term=all&amp;utm_agent=alwayson&amp;gad_source=1&amp;gad_campaignid=22112575867&amp;gbraid=0AAAAAC9U5JhwbomTHh0PMwOzlfUluk68A&amp;gclid=CjwKCAjwhLPOBhBiEiwA8_wJHGNDgRoQi0RfKOgitqVq-pdxWbU7FDqWuB0YDfknAZnzAnTyj98gwRoC31UQAvD_BwE\">https:\/\/phongvu.vn\/c\/psu-nguon-may-tinh?utm_source=gg-ad&amp;utm_medium=paid-pmax&amp;utm_campaign=pc-phong-vu-inhouse&amp;utm_content=responsive&amp;utm_term=all&amp;utm_agent=alwayson&amp;gad_source=1&amp;gad_campaignid=22112575867&amp;gbraid=0AAAAAC9U5JhwbomTHh0PMwOzlfUluk68A&amp;gclid=CjwKCAjwhLPOBhBiEiwA8_wJHGNDgRoQi0RfKOgitqVq-pdxWbU7FDqWuB0YDfknAZnzAnTyj98gwRoC31UQAvD_BwE<\/a><\/p>\n<hr class=\"\" data-path-to-node=\"1\" \/>\n<h2 class=\"\" data-path-to-node=\"2\"><b data-path-to-node=\"2\" data-index-in-node=\"0\">NGU\u1ed2N M\u00c1Y T\u00cdNH LED RGB &amp; D\u00c2Y N\u1ed0I D\u00c0I STRIMER \u2013 \u0110\u1eb2NG C\u1ea4P MODDING PC<\/b><\/h2>\n<p data-path-to-node=\"3\"><span class=\"\">B\u1ed9 ngu\u1ed3n \u0111\u01b0\u1ee3c v\u00ed nh\u01b0 &#8220;tr\u00e1i tim&#8221; c\u1ee7a c\u1ea3 h\u1ec7 th\u1ed1ng m\u00e1y t\u00ednh.<\/span><span class=\"\"> M\u1ed9t b\u1ed9 ngu\u1ed3n t\u1ed1t gi\u00fap linh ki\u1ec7n ho\u1ea1t \u0111\u1ed9ng b\u1ec1n b\u1ec9 h\u01a1n.<\/span> <b class=\"\" data-path-to-node=\"3\" data-index-in-node=\"112\">Ph\u1ee5 Ki\u1ec7n X\u1ecbn<\/b><span class=\"\"> mang \u0111\u1ebfn d\u00f2ng <\/span><b class=\"\" data-path-to-node=\"3\" data-index-in-node=\"139\">ngu\u1ed3n m\u00e1y t\u00ednh LED RGB<\/b><span class=\"\"> th\u1ebf h\u1ec7 m\u1edbi.<\/span><span class=\"\"> S\u1ea3n ph\u1ea9m kh\u00f4ng ch\u1ec9 cung c\u1ea5p d\u00f2ng \u0111i\u1ec7n \u1ed5n \u0111\u1ecbnh.<\/span><span class=\"\"> N\u00f3 c\u00f2n l\u00e0 \u0111i\u1ec3m nh\u1ea5n \u00e1nh s\u00e1ng r\u1ef1c r\u1ee1 cho th\u00f9ng m\u00e1y c\u1ee7a b\u1ea1n.<\/span><\/p>\n<h3 class=\"\" data-path-to-node=\"4\"><b data-path-to-node=\"4\" data-index-in-node=\"0\">\u01afU \u0110I\u1ec2M C\u1ee6A NGU\u1ed2N M\u00c1Y T\u00cdNH LED RGB T\u1ea0I PH\u1ee4 KI\u1ec6N X\u1ecaN<\/b><\/h3>\n<p data-path-to-node=\"5\"><span class=\"\">S\u1eed d\u1ee5ng <\/span><b class=\"\" data-path-to-node=\"5\" data-index-in-node=\"8\">ngu\u1ed3n m\u00e1y t\u00ednh LED RGB<\/b><span class=\"\"> gi\u00fap d\u00e0n PC tr\u1edf n\u00ean h\u1ea7m h\u1ed1 h\u01a1n.<\/span><span class=\"\"> Qu\u1ea1t t\u1ea3n nhi\u1ec7t b\u00ean trong ngu\u1ed3n \u0111\u01b0\u1ee3c t\u00edch h\u1ee3p d\u1ea3i LED 16.<\/span><span class=\"\">8 tri\u1ec7u m\u00e0u.<\/span><span class=\"\"> \u00c1nh s\u00e1ng c\u00f3 th\u1ec3 \u0111\u1ed3ng b\u1ed9 d\u1ec5 d\u00e0ng v\u1edbi mainboard v\u00e0 c\u00e1c linh ki\u1ec7n kh\u00e1c.<\/span><span class=\"\"> Hi\u1ec7u \u1ee9ng chuy\u1ec3n m\u00e0u m\u01b0\u1ee3t m\u00e0 t\u1ea1o n\u00ean kh\u00f4ng gian ch\u01a1i game c\u1ef1c ch\u1ea5t.<\/span><\/p>\n<p data-path-to-node=\"6\"><span class=\"\">\u0110i k\u00e8m v\u1edbi b\u1ed9 ngu\u1ed3n l\u00e0 h\u1ec7 th\u1ed1ng d\u00e2y n\u1ed1i d\u00e0i Strimer u\u1ed1n l\u01b0\u1ee3n.<\/span><span class=\"\"> C\u00e1c s\u1ee3i c\u00e1p n\u00e0y \u0111\u01b0\u1ee3c bao b\u1ecdc b\u1edfi d\u1ea3i LED silicon cao c\u1ea5p.<\/span><span class=\"\"> Ch\u00fang gi\u00fap che \u0111i nh\u1eefng s\u1ee3i d\u00e2y \u0111i\u1ec7n \u0111en thui,<\/span><span class=\"\"> th\u00f4 k\u1ec7ch th\u00f4ng th\u01b0\u1eddng.<\/span><span class=\"\"> Lu\u1ed3ng \u00e1nh s\u00e1ng ch\u1ea1y d\u1ecdc th\u00e2n d\u00e2y t\u1ea1o c\u1ea3m gi\u00e1c n\u0103ng l\u01b0\u1ee3ng \u0111ang lu\u00e2n chuy\u1ec3n.<\/span><span class=\"\"> \u0110\u00e2y ch\u00ednh l\u00e0 m\u00f3n ph\u1ee5 ki\u1ec7n kh\u00f4ng th\u1ec3 thi\u1ebfu cho d\u00e2n ch\u01a1i modding PC chuy\u00ean nghi\u1ec7p.<\/span><\/p>\n<h3 class=\"\" data-path-to-node=\"7\"><b data-path-to-node=\"7\" data-index-in-node=\"0\">T\u1ea0I SAO N\u00caN CH\u1eccN NGU\u1ed2N C\u00d4NG SU\u1ea4T TH\u1ef0C T\u1ea0I PH\u1ee4 KI\u1ec6N X\u1ecaN?<\/b><\/h3>\n<p data-path-to-node=\"8\"><span class=\"\">Ch\u00fang t\u00f4i cam k\u1ebft ch\u1ec9 b\u00e1n <\/span><b class=\"\" data-path-to-node=\"8\" data-index-in-node=\"26\">ngu\u1ed3n m\u00e1y t\u00ednh LED RGB<\/b><span class=\"\"> chu\u1ea9n c\u00f4ng su\u1ea5t th\u1ef1c.<\/span><span class=\"\"> S\u1ea3n ph\u1ea9m \u0111\u1ea1t ch\u1ee9ng ch\u1ec9 80 Plus Gold gi\u00fap ti\u1ebft ki\u1ec7m \u0111i\u1ec7n n\u0103ng t\u1ed1i \u0111a.<\/span><span class=\"\"> H\u1ec7 th\u1ed1ng b\u1ea3o v\u1ec7 qu\u00e1 \u00e1p v\u00e0 ng\u1eafn m\u1ea1ch lu\u00f4n ho\u1ea1t \u0111\u1ed9ng c\u1ef1c k\u1ef3 tin c\u1eady.<\/span><span class=\"\"> Linh ki\u1ec7n \u0111\u1eaft ti\u1ec1n c\u1ee7a b\u1ea1n s\u1ebd lu\u00f4n \u0111\u01b0\u1ee3c b\u1ea3o v\u1ec7 an to\u00e0n tuy\u1ec7t \u0111\u1ed1i.<\/span><\/p>\n<p data-path-to-node=\"9\"><b class=\"\" data-path-to-node=\"9\" data-index-in-node=\"0\">H\u01b0\u1edbng d\u1eabn l\u1eafp \u0111\u1eb7t an to\u00e0n:<\/b><\/p>\n<ol start=\"1\" data-path-to-node=\"10\">\n<li>\n<p data-path-to-node=\"10,0,0\"><span class=\"\">L\u1ef1a ch\u1ecdn c\u00f4ng su\u1ea5t ngu\u1ed3n ph\u00f9 h\u1ee3p v\u1edbi card \u0111\u1ed3 h\u1ecda (VGA) b\u1ea1n \u0111ang d\u00f9ng.<\/span><\/p>\n<\/li>\n<li>\n<p data-path-to-node=\"10,1,0\"><span class=\"\">C\u1eafm ch\u1eb7t c\u00e1c \u0111\u1ea7u 24-pin v\u00e0 8-pin \u0111\u1ec3 tr\u00e1nh t\u00ecnh tr\u1ea1ng l\u1ecfng l\u1ebbo g\u00e2y ch\u00e1y n\u1ed5.<\/span><\/p>\n<\/li>\n<li>\n<p data-path-to-node=\"10,2,0\"><span class=\"\">U\u1ed1n cong d\u00e2y LED Strimer nh\u1eb9 nh\u00e0ng \u0111\u1ec3 t\u1ea1o h\u00ecnh th\u1ea9m m\u1ef9 nh\u1ea5t cho th\u00f9ng m\u00e1y.<\/span><\/p>\n<\/li>\n<\/ol>\n<p data-path-to-node=\"11\"><b class=\"\" data-path-to-node=\"11\" data-index-in-node=\"0\">Ph\u1ee5 Ki\u1ec7n X\u1ecbn<\/b><span class=\"\"> lu\u00f4n c\u00f3 s\u1eb5n c\u00e1c d\u00f2ng ngu\u1ed3n t\u1eeb 650W \u0111\u1ebfn 1000W cho b\u1ea1n l\u1ef1a ch\u1ecdn.<\/span><span class=\"\"> M\u1ecdi s\u1ea3n ph\u1ea9m \u0111\u1ec1u \u0111\u01b0\u1ee3c b\u1ea3o h\u00e0nh 1 \u0111\u1ed5i 1 nhanh ch\u00f3ng n\u1ebfu c\u00f3 l\u1ed7i.<\/span><span class=\"\"> \u0110\u1ed9i ng\u0169 k\u1ef9 thu\u1eadt c\u1ee7a ch\u00fang t\u00f4i s\u1eb5n s\u00e0ng h\u1ed7 tr\u1ee3 b\u1ea1n l\u1eafp \u0111\u1eb7t t\u1ea1i ch\u1ed7.<\/span><span class=\"\"> H\u00e3y n\u00e2ng t\u1ea7m phong c\u00e1ch cho d\u00e0n m\u00e1y c\u1ee7a m\u00ecnh ngay h\u00f4m nay!<\/span><\/p>\n","protected":false},"excerpt":{"rendered":"<p>Ngu\u1ed3n x\u1ecbn cho PC https:\/\/phongvu.vn\/c\/psu-nguon-may-tinh?utm_source=gg-ad&amp;utm_medium=paid-pmax&amp;utm_campaign=pc-phong-vu-inhouse&amp;utm_content=responsive&amp;utm_term=all&amp;utm_agent=alwayson&amp;gad_source=1&amp;gad_campaignid=22112575867&amp;gbraid=0AAAAAC9U5JhwbomTHh0PMwOzlfUluk68A&amp;gclid=CjwKCAjwhLPOBhBiEiwA8_wJHGNDgRoQi0RfKOgitqVq-pdxWbU7FDqWuB0YDfknAZnzAnTyj98gwRoC31UQAvD_BwE NGU\u1ed2N M\u00c1Y T\u00cdNH LED RGB &amp; D\u00c2Y N\u1ed0I D\u00c0I STRIMER \u2013 \u0110\u1eb2NG C\u1ea4P MODDING PC B\u1ed9 ngu\u1ed3n \u0111\u01b0\u1ee3c v\u00ed nh\u01b0 &#8220;tr\u00e1i tim&#8221; c\u1ee7a c\u1ea3 h\u1ec7 th\u1ed1ng m\u00e1y t\u00ednh. M\u1ed9t b\u1ed9 ngu\u1ed3n t\u1ed1t gi\u00fap linh ki\u1ec7n ho\u1ea1t \u0111\u1ed9ng b\u1ec1n b\u1ec9 h\u01a1n. Ph\u1ee5 Ki\u1ec7n X\u1ecbn mang \u0111\u1ebfn d\u00f2ng ngu\u1ed3n m\u00e1y t\u00ednh LED [&hellip;]<\/p>\n","protected":false},"featured_media":362,"comment_status":"open","ping_status":"closed","template":"","meta":{"_eb_attr":""},"product_brand":[],"product_cat":[20],"product_tag":[],"class_list":{"0":"post-361","1":"product","2":"type-product","3":"status-publish","4":"has-post-thumbnail","6":"product_cat-chua-phan-loai","8":"first","9":"instock","10":"shipping-taxable","11":"product-type-simple"},"yoast_head":"<!-- This site is optimized with the Yoast SEO plugin v27.4 - https:\/\/yoast.com\/product\/yoast-seo-wordpress\/ -->\n<title>Ngu\u1ed3n x\u1ecbn cho PC - Phukienxin.<\/title>\n<meta name=\"description\" content=\"Mua ngu\u1ed3n m\u00e1y t\u00ednh LED RGB k\u00e8m d\u00e2y n\u1ed1i d\u00e0i Strimer t\u1ea1i Ph\u1ee5 Ki\u1ec7n X\u1ecbn. C\u00f4ng su\u1ea5t th\u1ef1c, chu\u1ea9n 80 Plus, d\u00e2y LED u\u1ed1n l\u01b0\u1ee3n h\u1ea7m h\u1ed1 cho PC gaming. B\u1ea3o h\u00e0nh 1 \u0111\u1ed5i 1!\" \/>\n<meta name=\"robots\" content=\"index, follow, max-snippet:-1, max-image-preview:large, max-video-preview:-1\" \/>\n<link rel=\"canonical\" href=\"https:\/\/phukienxin.click\/index.php\/san-pham\/nguon-xin-cho-pc\/\" \/>\n<meta property=\"og:locale\" content=\"vi_VN\" \/>\n<meta property=\"og:type\" content=\"article\" \/>\n<meta property=\"og:title\" content=\"Ngu\u1ed3n x\u1ecbn cho PC - Phukienxin.\" \/>\n<meta property=\"og:description\" content=\"Mua ngu\u1ed3n m\u00e1y t\u00ednh LED RGB k\u00e8m d\u00e2y n\u1ed1i d\u00e0i Strimer t\u1ea1i Ph\u1ee5 Ki\u1ec7n X\u1ecbn. C\u00f4ng su\u1ea5t th\u1ef1c, chu\u1ea9n 80 Plus, d\u00e2y LED u\u1ed1n l\u01b0\u1ee3n h\u1ea7m h\u1ed1 cho PC gaming. B\u1ea3o h\u00e0nh 1 \u0111\u1ed5i 1!\" \/>\n<meta property=\"og:url\" content=\"https:\/\/phukienxin.click\/index.php\/san-pham\/nguon-xin-cho-pc\/\" \/>\n<meta property=\"og:site_name\" content=\"Phukienxin.\" \/>\n<meta property=\"article:modified_time\" content=\"2026-04-01T13:38:16+00:00\" \/>\n<meta property=\"og:image\" content=\"https:\/\/phukienxin.click\/wp-content\/uploads\/2026\/04\/Gemini_Generated_Image_daq4s0daq4s0daq4-1024x572.png\" \/>\n\t<meta property=\"og:image:width\" content=\"1024\" \/>\n\t<meta property=\"og:image:height\" content=\"572\" \/>\n\t<meta property=\"og:image:type\" content=\"image\/png\" \/>\n<meta name=\"twitter:card\" content=\"summary_large_image\" \/>\n<meta name=\"twitter:label1\" content=\"\u01af\u1edbc t\u00ednh th\u1eddi gian \u0111\u1ecdc\" \/>\n\t<meta name=\"twitter:data1\" content=\"3 ph\u00fat\" \/>\n<script type=\"application\/ld+json\" class=\"yoast-schema-graph\">{\"@context\":\"https:\\\/\\\/schema.org\",\"@graph\":[{\"@type\":\"WebPage\",\"@id\":\"https:\\\/\\\/phukienxin.click\\\/index.php\\\/san-pham\\\/nguon-xin-cho-pc\\\/\",\"url\":\"https:\\\/\\\/phukienxin.click\\\/index.php\\\/san-pham\\\/nguon-xin-cho-pc\\\/\",\"name\":\"Ngu\u1ed3n x\u1ecbn cho PC - Phukienxin.\",\"isPartOf\":{\"@id\":\"https:\\\/\\\/phukienxin.click\\\/#website\"},\"primaryImageOfPage\":{\"@id\":\"https:\\\/\\\/phukienxin.click\\\/index.php\\\/san-pham\\\/nguon-xin-cho-pc\\\/#primaryimage\"},\"image\":{\"@id\":\"https:\\\/\\\/phukienxin.click\\\/index.php\\\/san-pham\\\/nguon-xin-cho-pc\\\/#primaryimage\"},\"thumbnailUrl\":\"https:\\\/\\\/phukienxin.click\\\/wp-content\\\/uploads\\\/2026\\\/04\\\/Gemini_Generated_Image_daq4s0daq4s0daq4.png\",\"datePublished\":\"2026-04-01T13:38:15+00:00\",\"dateModified\":\"2026-04-01T13:38:16+00:00\",\"description\":\"Mua ngu\u1ed3n m\u00e1y t\u00ednh LED RGB k\u00e8m d\u00e2y n\u1ed1i d\u00e0i Strimer t\u1ea1i Ph\u1ee5 Ki\u1ec7n X\u1ecbn. C\u00f4ng su\u1ea5t th\u1ef1c, chu\u1ea9n 80 Plus, d\u00e2y LED u\u1ed1n l\u01b0\u1ee3n h\u1ea7m h\u1ed1 cho PC gaming. B\u1ea3o h\u00e0nh 1 \u0111\u1ed5i 1!\",\"breadcrumb\":{\"@id\":\"https:\\\/\\\/phukienxin.click\\\/index.php\\\/san-pham\\\/nguon-xin-cho-pc\\\/#breadcrumb\"},\"inLanguage\":\"vi\",\"potentialAction\":[{\"@type\":\"ReadAction\",\"target\":[\"https:\\\/\\\/phukienxin.click\\\/index.php\\\/san-pham\\\/nguon-xin-cho-pc\\\/\"]}]},{\"@type\":\"ImageObject\",\"inLanguage\":\"vi\",\"@id\":\"https:\\\/\\\/phukienxin.click\\\/index.php\\\/san-pham\\\/nguon-xin-cho-pc\\\/#primaryimage\",\"url\":\"https:\\\/\\\/phukienxin.click\\\/wp-content\\\/uploads\\\/2026\\\/04\\\/Gemini_Generated_Image_daq4s0daq4s0daq4.png\",\"contentUrl\":\"https:\\\/\\\/phukienxin.click\\\/wp-content\\\/uploads\\\/2026\\\/04\\\/Gemini_Generated_Image_daq4s0daq4s0daq4.png\",\"width\":1376,\"height\":768},{\"@type\":\"BreadcrumbList\",\"@id\":\"https:\\\/\\\/phukienxin.click\\\/index.php\\\/san-pham\\\/nguon-xin-cho-pc\\\/#breadcrumb\",\"itemListElement\":[{\"@type\":\"ListItem\",\"position\":1,\"name\":\"Trang ch\u1ee7\",\"item\":\"https:\\\/\\\/phukienxin.click\\\/\"},{\"@type\":\"ListItem\",\"position\":2,\"name\":\"Qu\u1ea1t t\u1ea3n nhi\u1ec7t\",\"item\":\"https:\\\/\\\/phukienxin.click\\\/?page_id=108\"},{\"@type\":\"ListItem\",\"position\":3,\"name\":\"Ngu\u1ed3n x\u1ecbn cho PC\"}]},{\"@type\":\"WebSite\",\"@id\":\"https:\\\/\\\/phukienxin.click\\\/#website\",\"url\":\"https:\\\/\\\/phukienxin.click\\\/\",\"name\":\"Phukienxin.\",\"description\":\"\",\"potentialAction\":[{\"@type\":\"SearchAction\",\"target\":{\"@type\":\"EntryPoint\",\"urlTemplate\":\"https:\\\/\\\/phukienxin.click\\\/?s={search_term_string}\"},\"query-input\":{\"@type\":\"PropertyValueSpecification\",\"valueRequired\":true,\"valueName\":\"search_term_string\"}}],\"inLanguage\":\"vi\"}]}<\/script>\n<!-- \/ Yoast SEO plugin. -->","yoast_head_json":{"title":"Ngu\u1ed3n x\u1ecbn cho PC - Phukienxin.","description":"Mua ngu\u1ed3n m\u00e1y t\u00ednh LED RGB k\u00e8m d\u00e2y n\u1ed1i d\u00e0i Strimer t\u1ea1i Ph\u1ee5 Ki\u1ec7n X\u1ecbn. C\u00f4ng su\u1ea5t th\u1ef1c, chu\u1ea9n 80 Plus, d\u00e2y LED u\u1ed1n l\u01b0\u1ee3n h\u1ea7m h\u1ed1 cho PC gaming. B\u1ea3o h\u00e0nh 1 \u0111\u1ed5i 1!","robots":{"index":"index","follow":"follow","max-snippet":"max-snippet:-1","max-image-preview":"max-image-preview:large","max-video-preview":"max-video-preview:-1"},"canonical":"https:\/\/phukienxin.click\/index.php\/san-pham\/nguon-xin-cho-pc\/","og_locale":"vi_VN","og_type":"article","og_title":"Ngu\u1ed3n x\u1ecbn cho PC - Phukienxin.","og_description":"Mua ngu\u1ed3n m\u00e1y t\u00ednh LED RGB k\u00e8m d\u00e2y n\u1ed1i d\u00e0i Strimer t\u1ea1i Ph\u1ee5 Ki\u1ec7n X\u1ecbn. C\u00f4ng su\u1ea5t th\u1ef1c, chu\u1ea9n 80 Plus, d\u00e2y LED u\u1ed1n l\u01b0\u1ee3n h\u1ea7m h\u1ed1 cho PC gaming. B\u1ea3o h\u00e0nh 1 \u0111\u1ed5i 1!","og_url":"https:\/\/phukienxin.click\/index.php\/san-pham\/nguon-xin-cho-pc\/","og_site_name":"Phukienxin.","article_modified_time":"2026-04-01T13:38:16+00:00","og_image":[{"width":1024,"height":572,"url":"https:\/\/phukienxin.click\/wp-content\/uploads\/2026\/04\/Gemini_Generated_Image_daq4s0daq4s0daq4-1024x572.png","type":"image\/png"}],"twitter_card":"summary_large_image","twitter_misc":{"\u01af\u1edbc t\u00ednh th\u1eddi gian \u0111\u1ecdc":"3 ph\u00fat"},"schema":{"@context":"https:\/\/schema.org","@graph":[{"@type":"WebPage","@id":"https:\/\/phukienxin.click\/index.php\/san-pham\/nguon-xin-cho-pc\/","url":"https:\/\/phukienxin.click\/index.php\/san-pham\/nguon-xin-cho-pc\/","name":"Ngu\u1ed3n x\u1ecbn cho PC - Phukienxin.","isPartOf":{"@id":"https:\/\/phukienxin.click\/#website"},"primaryImageOfPage":{"@id":"https:\/\/phukienxin.click\/index.php\/san-pham\/nguon-xin-cho-pc\/#primaryimage"},"image":{"@id":"https:\/\/phukienxin.click\/index.php\/san-pham\/nguon-xin-cho-pc\/#primaryimage"},"thumbnailUrl":"https:\/\/phukienxin.click\/wp-content\/uploads\/2026\/04\/Gemini_Generated_Image_daq4s0daq4s0daq4.png","datePublished":"2026-04-01T13:38:15+00:00","dateModified":"2026-04-01T13:38:16+00:00","description":"Mua ngu\u1ed3n m\u00e1y t\u00ednh LED RGB k\u00e8m d\u00e2y n\u1ed1i d\u00e0i Strimer t\u1ea1i Ph\u1ee5 Ki\u1ec7n X\u1ecbn. C\u00f4ng su\u1ea5t th\u1ef1c, chu\u1ea9n 80 Plus, d\u00e2y LED u\u1ed1n l\u01b0\u1ee3n h\u1ea7m h\u1ed1 cho PC gaming. B\u1ea3o h\u00e0nh 1 \u0111\u1ed5i 1!","breadcrumb":{"@id":"https:\/\/phukienxin.click\/index.php\/san-pham\/nguon-xin-cho-pc\/#breadcrumb"},"inLanguage":"vi","potentialAction":[{"@type":"ReadAction","target":["https:\/\/phukienxin.click\/index.php\/san-pham\/nguon-xin-cho-pc\/"]}]},{"@type":"ImageObject","inLanguage":"vi","@id":"https:\/\/phukienxin.click\/index.php\/san-pham\/nguon-xin-cho-pc\/#primaryimage","url":"https:\/\/phukienxin.click\/wp-content\/uploads\/2026\/04\/Gemini_Generated_Image_daq4s0daq4s0daq4.png","contentUrl":"https:\/\/phukienxin.click\/wp-content\/uploads\/2026\/04\/Gemini_Generated_Image_daq4s0daq4s0daq4.png","width":1376,"height":768},{"@type":"BreadcrumbList","@id":"https:\/\/phukienxin.click\/index.php\/san-pham\/nguon-xin-cho-pc\/#breadcrumb","itemListElement":[{"@type":"ListItem","position":1,"name":"Trang ch\u1ee7","item":"https:\/\/phukienxin.click\/"},{"@type":"ListItem","position":2,"name":"Qu\u1ea1t t\u1ea3n nhi\u1ec7t","item":"https:\/\/phukienxin.click\/?page_id=108"},{"@type":"ListItem","position":3,"name":"Ngu\u1ed3n x\u1ecbn cho PC"}]},{"@type":"WebSite","@id":"https:\/\/phukienxin.click\/#website","url":"https:\/\/phukienxin.click\/","name":"Phukienxin.","description":"","potentialAction":[{"@type":"SearchAction","target":{"@type":"EntryPoint","urlTemplate":"https:\/\/phukienxin.click\/?s={search_term_string}"},"query-input":{"@type":"PropertyValueSpecification","valueRequired":true,"valueName":"search_term_string"}}],"inLanguage":"vi"}]}},"jetpack_sharing_enabled":true,"_links":{"self":[{"href":"https:\/\/phukienxin.click\/index.php\/wp-json\/wp\/v2\/product\/361","targetHints":{"allow":["GET"]}}],"collection":[{"href":"https:\/\/phukienxin.click\/index.php\/wp-json\/wp\/v2\/product"}],"about":[{"href":"https:\/\/phukienxin.click\/index.php\/wp-json\/wp\/v2\/types\/product"}],"replies":[{"embeddable":true,"href":"https:\/\/phukienxin.click\/index.php\/wp-json\/wp\/v2\/comments?post=361"}],"wp:featuredmedia":[{"embeddable":true,"href":"https:\/\/phukienxin.click\/index.php\/wp-json\/wp\/v2\/media\/362"}],"wp:attachment":[{"href":"https:\/\/phukienxin.click\/index.php\/wp-json\/wp\/v2\/media?parent=361"}],"wp:term":[{"taxonomy":"product_brand","embeddable":true,"href":"https:\/\/phukienxin.click\/index.php\/wp-json\/wp\/v2\/product_brand?post=361"},{"taxonomy":"product_cat","embeddable":true,"href":"https:\/\/phukienxin.click\/index.php\/wp-json\/wp\/v2\/product_cat?post=361"},{"taxonomy":"product_tag","embeddable":true,"href":"https:\/\/phukienxin.click\/index.php\/wp-json\/wp\/v2\/product_tag?post=361"}],"curies":[{"name":"wp","href":"https:\/\/api.w.org\/{rel}","templated":true}]}}