{"id":344,"date":"2026-04-01T09:53:27","date_gmt":"2026-04-01T09:53:27","guid":{"rendered":"https:\/\/phukienxin.click\/?post_type=product&#038;p=344"},"modified":"2026-04-01T13:11:21","modified_gmt":"2026-04-01T13:11:21","slug":"so-lanh-cho-dien-thoai","status":"publish","type":"product","link":"https:\/\/phukienxin.click\/index.php\/san-pham\/so-lanh-cho-dien-thoai\/","title":{"rendered":"S\u00f2 l\u1ea1nh cho \u0111i\u1ec7n tho\u1ea1i"},"content":{"rendered":"<p>S\u00f2 l\u1ea1nh cho \u0111i\u1ec7n tho\u1ea1i<\/p>\n<p><a href=\"https:\/\/phukienxin.click\/wp-content\/uploads\/2026\/04\/z7666126684878_68394105de85c179f1e81467a9f339e9.jpg\"><img loading=\"lazy\" decoding=\"async\" class=\"alignnone wp-image-345 size-medium\" src=\"https:\/\/phukienxin.click\/wp-content\/uploads\/2026\/04\/z7666126684878_68394105de85c179f1e81467a9f339e9-300x168.jpg\" alt=\"S\u00f2 l\u1ea1nh t\u1ea3n nhi\u1ec7t \u0111i\u1ec7n tho\u1ea1i t\u1ea1i Ph\u1ee5 Ki\u1ec7n X\u1ecbn\" width=\"300\" height=\"168\" srcset=\"https:\/\/phukienxin.click\/wp-content\/uploads\/2026\/04\/z7666126684878_68394105de85c179f1e81467a9f339e9-300x168.jpg 300w, https:\/\/phukienxin.click\/wp-content\/uploads\/2026\/04\/z7666126684878_68394105de85c179f1e81467a9f339e9-768x429.jpg 768w, https:\/\/phukienxin.click\/wp-content\/uploads\/2026\/04\/z7666126684878_68394105de85c179f1e81467a9f339e9-600x335.jpg 600w, https:\/\/phukienxin.click\/wp-content\/uploads\/2026\/04\/z7666126684878_68394105de85c179f1e81467a9f339e9.jpg 1024w\" sizes=\"auto, (max-width: 300px) 100vw, 300px\" \/><\/a><\/p>\n<p data-path-to-node=\"3\">B\u1ea1n ph\u00e1t c\u00e1u v\u00ec \u0111ang combat g\u1eaft th\u00ec \u0111i\u1ec7n tho\u1ea1i <b data-path-to-node=\"3\" data-index-in-node=\"47\">n\u00f3ng r\u1ef1c, t\u1ee5t FPS, \u0111\u1ed9 s\u00e1ng m\u00e0n h\u00ecnh gi\u1ea3m th\u00ea th\u1ea3m?<\/b> \u0110\u1eebng \u0111\u1ec3 chi\u1ebfc smartphone ngh\u00ecn \u0111\u00f4 c\u1ee7a b\u1ea1n bi\u1ebfn th\u00e0nh &#8220;c\u1ee5c g\u1ea1ch nung&#8221;!<\/p>\n<p data-path-to-node=\"4\"><b data-path-to-node=\"4\" data-index-in-node=\"0\">Ph\u1ee5 Ki\u1ec7n X\u1ecbn<\/b> tr\u00ecnh l\u00e0ng d\u00f2ng S\u00f2 L\u1ea1nh T\u1ea3n Nhi\u1ec7t Th\u1ebf H\u1ec7 M\u1edbi \u2013 gi\u1ea3i ph\u00e1p &#8220;\u0111\u00f3ng b\u0103ng&#8221; t\u1ee9c th\u00ec cho m\u1ecdi d\u00f2ng \u0111i\u1ec7n tho\u1ea1i.<\/p>\n<p><a href=\"https:\/\/celljoy.vn\/collections\/tan-nhiet-dien-thoai?srsltid=AfmBOor7zAYjRgt-vSQftijQtkbyzb9LknT5SekcZuFal7_HXkFB5f2U\">https:\/\/celljoy.vn\/collections\/tan-nhiet-dien-thoai?srsltid=AfmBOor7zAYjRgt-vSQftijQtkbyzb9LknT5SekcZuFal7_HXkFB5f2U<\/a><\/p>\n<h3>Th\u00f4ng s\u1ed1 k\u1ef9 thu\u1eadt c\u1ee7a s\u00f2 l\u1ea1nh cho \u0111i\u1ec7n tho\u1ea1i t\u1ea1i Ph\u1ee5 Ki\u1ec7n X\u1ecbn.<\/h3>\n<h3 data-path-to-node=\"2\"><b data-path-to-node=\"2\" data-index-in-node=\"0\">L\u1ee2I \u00cdCH KHI S\u1eec D\u1ee4NG S\u00d2 L\u1ea0NH T\u1ea2N NHI\u1ec6T T\u1ea0I PH\u1ee4 KI\u1ec6N X\u1ecaN<\/b><\/h3>\n<p data-path-to-node=\"3\">S\u1eed d\u1ee5ng <b data-path-to-node=\"3\" data-index-in-node=\"8\">s\u00f2 l\u1ea1nh t\u1ea3n nhi\u1ec7t<\/b> gi\u00fap l\u00e0m m\u00e1t m\u00e1y t\u1ee9c th\u00ec. S\u1ea3n ph\u1ea9m n\u00e0y mang l\u1ea1i nhi\u1ec1u l\u1ee3i \u00edch l\u00e2u d\u00e0i cho thi\u1ebft b\u1ecb. \u0110\u1ea7u ti\u00ean, n\u00f3 gi\u00fap b\u1ea3o v\u1ec7 vi\u00ean pin \u0111i\u1ec7n tho\u1ea1i. Pin s\u1ebd kh\u00f4ng b\u1ecb chai do nhi\u1ec7t \u0111\u1ed9 qu\u00e1 cao khi s\u1ea1c v\u00e0 ch\u01a1i game. Khi m\u00e1y m\u00e1t, c\u00e1c linh ki\u1ec7n b\u00ean trong s\u1ebd ho\u1ea1t \u0111\u1ed9ng \u1ed5n \u0111\u1ecbnh h\u01a1n. B\u1ea1n s\u1ebd tr\u00e1nh \u0111\u01b0\u1ee3c t\u00ecnh tr\u1ea1ng gi\u1eadt lag hay s\u1eadp ngu\u1ed3n \u0111\u1ed9t ng\u1ed9t.<\/p>\n<p data-path-to-node=\"4\"><b data-path-to-node=\"4\" data-index-in-node=\"0\">H\u01b0\u1edbng d\u1eabn s\u1eed d\u1ee5ng hi\u1ec7u qu\u1ea3:<\/b><\/p>\n<ol start=\"1\" data-path-to-node=\"5\">\n<li>\n<p data-path-to-node=\"5,0,0\">V\u1ec7 sinh s\u1ea1ch s\u1ebd m\u1eb7t l\u01b0ng \u0111i\u1ec7n tho\u1ea1i tr\u01b0\u1edbc khi k\u1eb9p s\u00f2 l\u1ea1nh.<\/p>\n<\/li>\n<li>\n<p data-path-to-node=\"5,1,0\">S\u1eed d\u1ee5ng c\u1ee7 s\u1ea1c c\u00f3 c\u00f4ng su\u1ea5t \u1ed5n \u0111\u1ecbnh (n\u00ean t\u1eeb 10W tr\u1edf l\u00ean). \u0110i\u1ec1u n\u00e0y gi\u00fap s\u00f2 l\u1ea1nh \u0111\u1ea1t hi\u1ec7u n\u0103ng t\u1ed1i \u0111a.<\/p>\n<\/li>\n<li>\n<p data-path-to-node=\"5,2,0\">Kh\u00f4ng n\u00ean che ch\u1eafn ph\u1ea7n qu\u1ea1t tho\u00e1t nhi\u1ec7t c\u1ee7a s\u00f2. Lu\u1ed3ng kh\u00ed n\u00f3ng c\u1ea7n \u0111\u01b0\u1ee3c \u0111\u1ea9y ra ngo\u00e0i d\u1ec5 d\u00e0ng.<\/p>\n<\/li>\n<\/ol>\n<h3 data-path-to-node=\"6\"><b data-path-to-node=\"6\" data-index-in-node=\"0\">T\u1ea0I SAO N\u00caN CH\u1eccN S\u00d2 L\u1ea0NH T\u1ea2N NHI\u1ec6T T\u1ea0I PH\u1ee4 KI\u1ec6N X\u1ecaN?<\/b><\/h3>\n<p data-path-to-node=\"7\">Ch\u00fang t\u00f4i cam k\u1ebft mang \u0111\u1ebfn nh\u1eefng s\u1ea3n ph\u1ea9m c\u00f4ng ngh\u1ec7 ch\u1ea5t l\u01b0\u1ee3ng nh\u1ea5t. V\u1edbi d\u00f2ng <b data-path-to-node=\"7\" data-index-in-node=\"78\">s\u00f2 l\u1ea1nh t\u1ea3n nhi\u1ec7t<\/b> th\u1ebf h\u1ec7 m\u1edbi, b\u1ea1n s\u1ebd c\u00f3 tr\u1ea3i nghi\u1ec7m tuy\u1ec7t v\u1eddi. C\u1ea3m gi\u00e1c ch\u01a1i game s\u1ebd chuy\u00ean nghi\u1ec7p nh\u01b0 c\u00e1c tuy\u1ec3n th\u1ee7 Esports.<\/p>\n<p data-path-to-node=\"8\">M\u1ecdi s\u1ea3n ph\u1ea9m t\u1ea1i Ph\u1ee5 Ki\u1ec7n X\u1ecbn \u0111\u1ec1u \u0111\u01b0\u1ee3c ki\u1ec3m tra k\u1ef9 l\u01b0\u1ee1ng. Ch\u00fang t\u00f4i c\u00f3 ch\u1ebf \u0111\u1ed9 b\u1ea3o h\u00e0nh d\u00e0i h\u1ea1n cho kh\u00e1ch h\u00e0ng. Qu\u00fd kh\u00e1ch c\u00f3 th\u1ec3 ho\u00e0n to\u00e0n y\u00ean t\u00e2m khi mua s\u1eafm. \u0110\u1eebng \u0111\u1ec3 nhi\u1ec7t \u0111\u1ed9 l\u00e0m gi\u00e1n \u0111o\u1ea1n cu\u1ed9c vui c\u1ee7a b\u1ea1n. H\u00e3y trang b\u1ecb ngay <b data-path-to-node=\"8\" data-index-in-node=\"226\">s\u00f2 l\u1ea1nh t\u1ea3n nhi\u1ec7t<\/b> ch\u1ea5t l\u01b0\u1ee3ng t\u1eeb Ph\u1ee5 Ki\u1ec7n X\u1ecbn. S\u1ea3n ph\u1ea9m gi\u00fap b\u1ea3o v\u1ec7 \u0111i\u1ec7n tho\u1ea1i v\u00e0 n\u00e2ng t\u1ea7m tr\u1ea3i nghi\u1ec7m c\u1ee7a b\u1ea1n. Li\u00ean h\u1ec7 ch\u00fang t\u00f4i \u0111\u1ec3 nh\u1eadn \u01b0u \u0111\u00e3i h\u1ea5p d\u1eabn nh\u1ea5t ngay h\u00f4m nay!<\/p>\n<p>&nbsp;<\/p>\n<p>&nbsp;<\/p>\n<p>&nbsp;<\/p>\n","protected":false},"excerpt":{"rendered":"<p>S\u00f2 l\u1ea1nh cho \u0111i\u1ec7n tho\u1ea1i B\u1ea1n ph\u00e1t c\u00e1u v\u00ec \u0111ang combat g\u1eaft th\u00ec \u0111i\u1ec7n tho\u1ea1i n\u00f3ng r\u1ef1c, t\u1ee5t FPS, \u0111\u1ed9 s\u00e1ng m\u00e0n h\u00ecnh gi\u1ea3m th\u00ea th\u1ea3m? \u0110\u1eebng \u0111\u1ec3 chi\u1ebfc smartphone ngh\u00ecn \u0111\u00f4 c\u1ee7a b\u1ea1n bi\u1ebfn th\u00e0nh &#8220;c\u1ee5c g\u1ea1ch nung&#8221;! Ph\u1ee5 Ki\u1ec7n X\u1ecbn tr\u00ecnh l\u00e0ng d\u00f2ng S\u00f2 L\u1ea1nh T\u1ea3n Nhi\u1ec7t Th\u1ebf H\u1ec7 M\u1edbi \u2013 gi\u1ea3i ph\u00e1p [&hellip;]<\/p>\n","protected":false},"featured_media":345,"comment_status":"open","ping_status":"closed","template":"","meta":{"_eb_attr":""},"product_brand":[],"product_cat":[20],"product_tag":[],"class_list":{"0":"post-344","1":"product","2":"type-product","3":"status-publish","4":"has-post-thumbnail","6":"product_cat-chua-phan-loai","8":"first","9":"instock","10":"shipping-taxable","11":"product-type-simple"},"yoast_head":"<!-- This site is optimized with the Yoast SEO plugin v27.4 - https:\/\/yoast.com\/product\/yoast-seo-wordpress\/ -->\n<title>S\u00f2 l\u1ea1nh cho \u0111i\u1ec7n tho\u1ea1i - Phukienxin.<\/title>\n<meta name=\"description\" content=\"\u0110\u1eebng \u0111\u1ec3 \u0111i\u1ec7n tho\u1ea1i ngh\u00ecn \u0111\u00f4 th\u00e0nh &quot;c\u1ee5c g\u1ea1ch nung&quot;! Ph\u1ee5 Ki\u1ec7n X\u1ecbn ch\u00fang t\u00f4i c\u00f3 S\u00f2 L\u1ea1nh \u0111i\u1ec7n tho\u1ea1i Th\u1ebf H\u1ec7 M\u1edbi \u2013 Gi\u1ea3i ph\u00e1p \u0111\u00f3ng b\u0103ng t\u1ee9c th\u00ec cho m\u1ecdi smartphone.\" \/>\n<meta name=\"robots\" content=\"index, follow, max-snippet:-1, max-image-preview:large, max-video-preview:-1\" \/>\n<link rel=\"canonical\" href=\"https:\/\/phukienxin.click\/index.php\/san-pham\/so-lanh-cho-dien-thoai\/\" \/>\n<meta property=\"og:locale\" content=\"vi_VN\" \/>\n<meta property=\"og:type\" content=\"article\" \/>\n<meta property=\"og:title\" content=\"S\u00f2 l\u1ea1nh cho \u0111i\u1ec7n tho\u1ea1i - Phukienxin.\" \/>\n<meta property=\"og:description\" content=\"\u0110\u1eebng \u0111\u1ec3 \u0111i\u1ec7n tho\u1ea1i ngh\u00ecn \u0111\u00f4 th\u00e0nh &quot;c\u1ee5c g\u1ea1ch nung&quot;! Ph\u1ee5 Ki\u1ec7n X\u1ecbn ch\u00fang t\u00f4i c\u00f3 S\u00f2 L\u1ea1nh \u0111i\u1ec7n tho\u1ea1i Th\u1ebf H\u1ec7 M\u1edbi \u2013 Gi\u1ea3i ph\u00e1p \u0111\u00f3ng b\u0103ng t\u1ee9c th\u00ec cho m\u1ecdi smartphone.\" \/>\n<meta property=\"og:url\" content=\"https:\/\/phukienxin.click\/index.php\/san-pham\/so-lanh-cho-dien-thoai\/\" \/>\n<meta property=\"og:site_name\" content=\"Phukienxin.\" \/>\n<meta property=\"article:modified_time\" content=\"2026-04-01T13:11:21+00:00\" \/>\n<meta property=\"og:image\" content=\"https:\/\/phukienxin.click\/wp-content\/uploads\/2026\/04\/z7666126684878_68394105de85c179f1e81467a9f339e9.jpg\" \/>\n\t<meta property=\"og:image:width\" content=\"1024\" \/>\n\t<meta property=\"og:image:height\" content=\"572\" \/>\n\t<meta property=\"og:image:type\" content=\"image\/jpeg\" \/>\n<meta name=\"twitter:card\" content=\"summary_large_image\" \/>\n<meta name=\"twitter:label1\" content=\"\u01af\u1edbc t\u00ednh th\u1eddi gian \u0111\u1ecdc\" \/>\n\t<meta name=\"twitter:data1\" content=\"3 ph\u00fat\" \/>\n<script type=\"application\/ld+json\" class=\"yoast-schema-graph\">{\"@context\":\"https:\\\/\\\/schema.org\",\"@graph\":[{\"@type\":\"WebPage\",\"@id\":\"https:\\\/\\\/phukienxin.click\\\/index.php\\\/san-pham\\\/so-lanh-cho-dien-thoai\\\/\",\"url\":\"https:\\\/\\\/phukienxin.click\\\/index.php\\\/san-pham\\\/so-lanh-cho-dien-thoai\\\/\",\"name\":\"S\u00f2 l\u1ea1nh cho \u0111i\u1ec7n tho\u1ea1i - Phukienxin.\",\"isPartOf\":{\"@id\":\"https:\\\/\\\/phukienxin.click\\\/#website\"},\"primaryImageOfPage\":{\"@id\":\"https:\\\/\\\/phukienxin.click\\\/index.php\\\/san-pham\\\/so-lanh-cho-dien-thoai\\\/#primaryimage\"},\"image\":{\"@id\":\"https:\\\/\\\/phukienxin.click\\\/index.php\\\/san-pham\\\/so-lanh-cho-dien-thoai\\\/#primaryimage\"},\"thumbnailUrl\":\"https:\\\/\\\/phukienxin.click\\\/wp-content\\\/uploads\\\/2026\\\/04\\\/z7666126684878_68394105de85c179f1e81467a9f339e9.jpg\",\"datePublished\":\"2026-04-01T09:53:27+00:00\",\"dateModified\":\"2026-04-01T13:11:21+00:00\",\"description\":\"\u0110\u1eebng \u0111\u1ec3 \u0111i\u1ec7n tho\u1ea1i ngh\u00ecn \u0111\u00f4 th\u00e0nh \\\"c\u1ee5c g\u1ea1ch nung\\\"! Ph\u1ee5 Ki\u1ec7n X\u1ecbn ch\u00fang t\u00f4i c\u00f3 S\u00f2 L\u1ea1nh \u0111i\u1ec7n tho\u1ea1i Th\u1ebf H\u1ec7 M\u1edbi \u2013 Gi\u1ea3i ph\u00e1p \u0111\u00f3ng b\u0103ng t\u1ee9c th\u00ec cho m\u1ecdi smartphone.\",\"breadcrumb\":{\"@id\":\"https:\\\/\\\/phukienxin.click\\\/index.php\\\/san-pham\\\/so-lanh-cho-dien-thoai\\\/#breadcrumb\"},\"inLanguage\":\"vi\",\"potentialAction\":[{\"@type\":\"ReadAction\",\"target\":[\"https:\\\/\\\/phukienxin.click\\\/index.php\\\/san-pham\\\/so-lanh-cho-dien-thoai\\\/\"]}]},{\"@type\":\"ImageObject\",\"inLanguage\":\"vi\",\"@id\":\"https:\\\/\\\/phukienxin.click\\\/index.php\\\/san-pham\\\/so-lanh-cho-dien-thoai\\\/#primaryimage\",\"url\":\"https:\\\/\\\/phukienxin.click\\\/wp-content\\\/uploads\\\/2026\\\/04\\\/z7666126684878_68394105de85c179f1e81467a9f339e9.jpg\",\"contentUrl\":\"https:\\\/\\\/phukienxin.click\\\/wp-content\\\/uploads\\\/2026\\\/04\\\/z7666126684878_68394105de85c179f1e81467a9f339e9.jpg\",\"width\":1024,\"height\":572},{\"@type\":\"BreadcrumbList\",\"@id\":\"https:\\\/\\\/phukienxin.click\\\/index.php\\\/san-pham\\\/so-lanh-cho-dien-thoai\\\/#breadcrumb\",\"itemListElement\":[{\"@type\":\"ListItem\",\"position\":1,\"name\":\"Trang ch\u1ee7\",\"item\":\"https:\\\/\\\/phukienxin.click\\\/\"},{\"@type\":\"ListItem\",\"position\":2,\"name\":\"Qu\u1ea1t t\u1ea3n nhi\u1ec7t\",\"item\":\"https:\\\/\\\/phukienxin.click\\\/?page_id=108\"},{\"@type\":\"ListItem\",\"position\":3,\"name\":\"S\u00f2 l\u1ea1nh cho \u0111i\u1ec7n tho\u1ea1i\"}]},{\"@type\":\"WebSite\",\"@id\":\"https:\\\/\\\/phukienxin.click\\\/#website\",\"url\":\"https:\\\/\\\/phukienxin.click\\\/\",\"name\":\"Phukienxin.\",\"description\":\"\",\"potentialAction\":[{\"@type\":\"SearchAction\",\"target\":{\"@type\":\"EntryPoint\",\"urlTemplate\":\"https:\\\/\\\/phukienxin.click\\\/?s={search_term_string}\"},\"query-input\":{\"@type\":\"PropertyValueSpecification\",\"valueRequired\":true,\"valueName\":\"search_term_string\"}}],\"inLanguage\":\"vi\"}]}<\/script>\n<!-- \/ Yoast SEO plugin. -->","yoast_head_json":{"title":"S\u00f2 l\u1ea1nh cho \u0111i\u1ec7n tho\u1ea1i - Phukienxin.","description":"\u0110\u1eebng \u0111\u1ec3 \u0111i\u1ec7n tho\u1ea1i ngh\u00ecn \u0111\u00f4 th\u00e0nh \"c\u1ee5c g\u1ea1ch nung\"! Ph\u1ee5 Ki\u1ec7n X\u1ecbn ch\u00fang t\u00f4i c\u00f3 S\u00f2 L\u1ea1nh \u0111i\u1ec7n tho\u1ea1i Th\u1ebf H\u1ec7 M\u1edbi \u2013 Gi\u1ea3i ph\u00e1p \u0111\u00f3ng b\u0103ng t\u1ee9c th\u00ec cho m\u1ecdi smartphone.","robots":{"index":"index","follow":"follow","max-snippet":"max-snippet:-1","max-image-preview":"max-image-preview:large","max-video-preview":"max-video-preview:-1"},"canonical":"https:\/\/phukienxin.click\/index.php\/san-pham\/so-lanh-cho-dien-thoai\/","og_locale":"vi_VN","og_type":"article","og_title":"S\u00f2 l\u1ea1nh cho \u0111i\u1ec7n tho\u1ea1i - Phukienxin.","og_description":"\u0110\u1eebng \u0111\u1ec3 \u0111i\u1ec7n tho\u1ea1i ngh\u00ecn \u0111\u00f4 th\u00e0nh \"c\u1ee5c g\u1ea1ch nung\"! Ph\u1ee5 Ki\u1ec7n X\u1ecbn ch\u00fang t\u00f4i c\u00f3 S\u00f2 L\u1ea1nh \u0111i\u1ec7n tho\u1ea1i Th\u1ebf H\u1ec7 M\u1edbi \u2013 Gi\u1ea3i ph\u00e1p \u0111\u00f3ng b\u0103ng t\u1ee9c th\u00ec cho m\u1ecdi smartphone.","og_url":"https:\/\/phukienxin.click\/index.php\/san-pham\/so-lanh-cho-dien-thoai\/","og_site_name":"Phukienxin.","article_modified_time":"2026-04-01T13:11:21+00:00","og_image":[{"width":1024,"height":572,"url":"https:\/\/phukienxin.click\/wp-content\/uploads\/2026\/04\/z7666126684878_68394105de85c179f1e81467a9f339e9.jpg","type":"image\/jpeg"}],"twitter_card":"summary_large_image","twitter_misc":{"\u01af\u1edbc t\u00ednh th\u1eddi gian \u0111\u1ecdc":"3 ph\u00fat"},"schema":{"@context":"https:\/\/schema.org","@graph":[{"@type":"WebPage","@id":"https:\/\/phukienxin.click\/index.php\/san-pham\/so-lanh-cho-dien-thoai\/","url":"https:\/\/phukienxin.click\/index.php\/san-pham\/so-lanh-cho-dien-thoai\/","name":"S\u00f2 l\u1ea1nh cho \u0111i\u1ec7n tho\u1ea1i - Phukienxin.","isPartOf":{"@id":"https:\/\/phukienxin.click\/#website"},"primaryImageOfPage":{"@id":"https:\/\/phukienxin.click\/index.php\/san-pham\/so-lanh-cho-dien-thoai\/#primaryimage"},"image":{"@id":"https:\/\/phukienxin.click\/index.php\/san-pham\/so-lanh-cho-dien-thoai\/#primaryimage"},"thumbnailUrl":"https:\/\/phukienxin.click\/wp-content\/uploads\/2026\/04\/z7666126684878_68394105de85c179f1e81467a9f339e9.jpg","datePublished":"2026-04-01T09:53:27+00:00","dateModified":"2026-04-01T13:11:21+00:00","description":"\u0110\u1eebng \u0111\u1ec3 \u0111i\u1ec7n tho\u1ea1i ngh\u00ecn \u0111\u00f4 th\u00e0nh \"c\u1ee5c g\u1ea1ch nung\"! Ph\u1ee5 Ki\u1ec7n X\u1ecbn ch\u00fang t\u00f4i c\u00f3 S\u00f2 L\u1ea1nh \u0111i\u1ec7n tho\u1ea1i Th\u1ebf H\u1ec7 M\u1edbi \u2013 Gi\u1ea3i ph\u00e1p \u0111\u00f3ng b\u0103ng t\u1ee9c th\u00ec cho m\u1ecdi smartphone.","breadcrumb":{"@id":"https:\/\/phukienxin.click\/index.php\/san-pham\/so-lanh-cho-dien-thoai\/#breadcrumb"},"inLanguage":"vi","potentialAction":[{"@type":"ReadAction","target":["https:\/\/phukienxin.click\/index.php\/san-pham\/so-lanh-cho-dien-thoai\/"]}]},{"@type":"ImageObject","inLanguage":"vi","@id":"https:\/\/phukienxin.click\/index.php\/san-pham\/so-lanh-cho-dien-thoai\/#primaryimage","url":"https:\/\/phukienxin.click\/wp-content\/uploads\/2026\/04\/z7666126684878_68394105de85c179f1e81467a9f339e9.jpg","contentUrl":"https:\/\/phukienxin.click\/wp-content\/uploads\/2026\/04\/z7666126684878_68394105de85c179f1e81467a9f339e9.jpg","width":1024,"height":572},{"@type":"BreadcrumbList","@id":"https:\/\/phukienxin.click\/index.php\/san-pham\/so-lanh-cho-dien-thoai\/#breadcrumb","itemListElement":[{"@type":"ListItem","position":1,"name":"Trang ch\u1ee7","item":"https:\/\/phukienxin.click\/"},{"@type":"ListItem","position":2,"name":"Qu\u1ea1t t\u1ea3n nhi\u1ec7t","item":"https:\/\/phukienxin.click\/?page_id=108"},{"@type":"ListItem","position":3,"name":"S\u00f2 l\u1ea1nh cho \u0111i\u1ec7n tho\u1ea1i"}]},{"@type":"WebSite","@id":"https:\/\/phukienxin.click\/#website","url":"https:\/\/phukienxin.click\/","name":"Phukienxin.","description":"","potentialAction":[{"@type":"SearchAction","target":{"@type":"EntryPoint","urlTemplate":"https:\/\/phukienxin.click\/?s={search_term_string}"},"query-input":{"@type":"PropertyValueSpecification","valueRequired":true,"valueName":"search_term_string"}}],"inLanguage":"vi"}]}},"jetpack_sharing_enabled":true,"_links":{"self":[{"href":"https:\/\/phukienxin.click\/index.php\/wp-json\/wp\/v2\/product\/344","targetHints":{"allow":["GET"]}}],"collection":[{"href":"https:\/\/phukienxin.click\/index.php\/wp-json\/wp\/v2\/product"}],"about":[{"href":"https:\/\/phukienxin.click\/index.php\/wp-json\/wp\/v2\/types\/product"}],"replies":[{"embeddable":true,"href":"https:\/\/phukienxin.click\/index.php\/wp-json\/wp\/v2\/comments?post=344"}],"wp:featuredmedia":[{"embeddable":true,"href":"https:\/\/phukienxin.click\/index.php\/wp-json\/wp\/v2\/media\/345"}],"wp:attachment":[{"href":"https:\/\/phukienxin.click\/index.php\/wp-json\/wp\/v2\/media?parent=344"}],"wp:term":[{"taxonomy":"product_brand","embeddable":true,"href":"https:\/\/phukienxin.click\/index.php\/wp-json\/wp\/v2\/product_brand?post=344"},{"taxonomy":"product_cat","embeddable":true,"href":"https:\/\/phukienxin.click\/index.php\/wp-json\/wp\/v2\/product_cat?post=344"},{"taxonomy":"product_tag","embeddable":true,"href":"https:\/\/phukienxin.click\/index.php\/wp-json\/wp\/v2\/product_tag?post=344"}],"curies":[{"name":"wp","href":"https:\/\/api.w.org\/{rel}","templated":true}]}}